s digit of z?
1
Let p(z) = -2*z**3 - 7*z**2 + 4. Suppose 0 = 3*f + 7 - 10. Let x be -5 - (f + -1 - 0). What is the units digit of p(x)?
9
Let i(l) = -58*l + 2502. What is the tens digit of i(-150)?
0
Let b = -5214 + 5662. Suppose -3*c = -0*c - 24. Suppose -c*l = -l - b. What is the units digit of l?
4
Let w = 99 - 96. Let z be (2 - 10/4)*52*w. What is the units digit of (6 - 3) + -4 - (z + 1)?
6
Let l = 11 - 6. Suppose l*y = 3*s + 4 - 117, 2*s + 5*y - 42 = 0. What is the units digit of s?
1
Let v(a) = a**3 - a**2 - a + 8. Let o be v(0). Suppose o*w + 75 = -21. What is the units digit of (2 + 100)/(w/(-8))?
8
Suppose 0 = -m - 2, 5*q - 8*m - 37211 = -10*m. What is the thousands digit of q?
7
Let r(l) = 2*l**2 - 9*l - 5. Let q be (4 + -1 + -2)/(1/5). Let b be r(q). Suppose 2*t - 280 + 34 = b. What is the hundreds digit of t?
1
Let t(c) = 6*c + 497. Let h be t(0). Suppose 246 = j - 4*i, -206 = -3*j + 5*i + h. What is the tens digit of j?
2
Let y be 2 - 491/17 - (-86)/(-731). What is the hundreds digit of 3 + (-138)/54 + (-9222)/y?
3
Suppose 0 = -18*k - 12 + 48. Suppose -k*z = -1174 - 274. What is the hundreds digit of z?
7
Suppose -56*g - 123874 = -60*g - 3*m, -154839 = -5*g - 2*m. What is the hundreds digit of g?
9
Let v be 5406/27 + -1 + 21/27. Suppose -i = 72 - v. Let a = i - -5. What is the hundreds digit of a?
1
Let b = 38221 + -26357. What is the tens digit of b?
6
Let i(o) = 361*o**2 + 261*o + 3294. What is the thousands digit of i(-13)?
0
Suppose 0 = y - 2*m + 12, 2*m + 7 = -y + 3*m. Let r be (3 - 681*y) + (-4)/(-1). Suppose -6*x + r = -35. What is the tens digit of x?
3
Let g(q) = q**2 - 11*q + 18. Let u be g(10). Suppose 0 = -9*a + u*a + 421. What is the hundreds digit of a?
4
Let u(i) = 61*i**2 - 31*i + 319. What is the tens digit of u(20)?
9
Let n = 12 - 16. Let k be (-2045)/(-30) + n/24. Suppose -b + 50 = 2*p + 4*b, -4*p + k = 2*b. What is the tens digit of p?
1
Let u(a) = -2 + 20 - 55*a + 49*a. Let c(k) = -11*k + 36. Let g(z) = 3*c(z) - 5*u(z). What is the units digit of g(-3)?
7
Let z = 44 - 36. Let q(v) = -v**2 + 9*v + 8. Let g be q(z). Suppose 5*m - 584 - g = 0. What is the tens digit of m?
2
Let d be (-1)/2 + (12 - 954/(-12)). Let z be (-27)/12*24/(-9). Suppose -5*p - z + d = 0. What is the units digit of p?
7
Suppose 37*f + 5495 + 1017 = 0. Let a be (-2)/(-4)*0 - 82. Let n = a - f. What is the units digit of n?
4
Let r(w) be the second derivative of -w**5/20 + w**4 + w**3/2 + 17*w**2 + 119*w + 2. What is the tens digit of r(-9)?
0
Suppose -5*x = -4*l - 4, -16*x - 36 = -20*x - 5*l. Suppose 0 = 2*f - 4*j - 936, 4*f - x*j - 474 = 3*f. What is the units digit of f?
2
Let v = 70 + -74. Let x be (-6)/(v/(3 - 5)). Let j(k) = -30*k + 8. What is the units digit of j(x)?
8
Let x(j) = -j**3 - 29*j**2 - 54*j + 3. Let o be x(-27). Suppose -o*l + 642 = -l. What is the tens digit of l?
2
Suppose 2*c = b - 10, -3*b - c - 5 + 0 = 0. What is the units digit of 7 - -2 - (b - 67)?
6
Let h be 8*(3 - -3)/6. Let b = h - -45. What is the units digit of b?
3
Let j = 46 - 27. Suppose 266 = j*i - 18*i. What is the units digit of i?
6
Let v be (-30)/(-25)*((-48)/(-9) - 2). Suppose 0 = m + 3*w - 135, -v*m - m - 2*w + 662 = 0. Suppose m - 977 = -5*o. What is the tens digit of o?
6
Let p(v) = -315*v - 32. Let o be p(-5). Let h = o - 712. What is the units digit of h?
1
Suppose 5*a = -3*d + 20628, -7*a - 2*d = -4*d - 28842. What is the hundreds digit of a?
1
Let v(f) be the second derivative of -3*f**3 - 13*f**2/2 + 10*f. Let m be v(11). Let o = m + 295. What is the units digit of o?
4
Suppose c - y - 1840 = 0, -3682 = -2*c + 8*y - 4*y. Suppose -15*t + c = -2331. What is the hundreds digit of t?
2
Suppose -168 = 463*f - 464*f + 5*l, 5*l = 5*f - 880. What is the units digit of f?
8
Suppose -5*z + 59170 = 2*f, -z + 12098 = -4*f + 242. What is the tens digit of z?
3
Suppose -109690 = -14*b - 32592. What is the hundreds digit of b?
5
Suppose b + 43703 = 5*q, 13*q - 8*q + 3*b - 43671 = 0. What is the tens digit of q?
3
Let a(y) = -5*y**2 - 10*y + 117. Let o(j) = 24*j**2 + 52*j - 586. Let s(i) = 14*a(i) + 3*o(i). What is the hundreds digit of s(-18)?
2
Let d be (-10)/(-50) + 14/5. Suppose 2*k = 2*b + 14, 7*k - 6*k - 16 = 4*b. Suppose 4*w - 507 = d*g, 3*w + 3*g - k*g - 379 = 0. What is the units digit of w?
6
Let j = -111 - -146. Suppose 38*y - 740 = -2*t + j*y, -5*t + 3*y = -1829. What is the units digit of t?
7
Suppose -i - 1 = -4*i - 4*q, -2*i = 3*q. Suppose -5*d + d + 5*u = -215, 3*u = -2*d + 135. What is the units digit of (-1 + -1 + d)/(i/6)?
6
Suppose 318 = -9*u + 12*u. Let s = u + -67. Let i = 148 - s. What is the hundreds digit of i?
1
Let c(l) = 2*l**3 + 8*l**2 - 2*l - 4. Let u be c(-4). Suppose u*p + 252 = p. Let b = p + 160. What is the units digit of b?
6
Suppose -153*o + 151*o - 2*x + 3918 = 0, 3*x + 5835 = 3*o. What is the tens digit of o?
5
What is the hundreds digit of (-4)/(-6) - ((-4)/(-10))/((-51)/723095)?
6
Let n be 2 + (-1)/(-1) + 6/3. Suppose j = n*j + 48. What is the units digit of (j - -32)/(1/5)?
0
Let t(y) = -7*y**3 - 10*y**2 - 65*y - 548. What is the ten thousands digit of t(-18)?
3
Suppose 1072*o = 1078*o - 4350. Suppose 2*x - 760 = -2*j, 1175 = 5*j + x - o. What is the units digit of j?
0
Suppose 332 - 348 = -4*q. Suppose -3*b - q*h = -5956 + 854, 3*b - 5105 = -h. What is the thousands digit of b?
1
Let l(o) = 9*o**2 + 17*o + 28. Let v be l(-10). Let z = v + -369. What is the tens digit of z?
8
Suppose 8*c + 272334 = 65*c - 1042599. What is the units digit of c?
9
Suppose 4*j + 46 + 170 = 0. Let u = 361 + j. What is the units digit of u?
7
Suppose 5*z - 354 = w - 81, -5*w - 15 = 0. What is the hundreds digit of ((-6)/8*6)/(z/(-4680))?
3
Let h = -35502 - -58806. What is the tens digit of h?
0
Let a be ((-32)/112)/(0 + (-1)/14). Let j be (42/11 - a) + 4/22. Suppose j = 12*x + 1249 - 3481. What is the units digit of x?
6
Let y be 15/((234/(-1068))/(-13)). Let b = y - -199. What is the thousands digit of b?
1
Let r = 31 + -19. Let f be (-21)/(-2)*r/(-18). Let k(a) = a**2 - a + 10. What is the tens digit of k(f)?
6
Let s = 36 - 34. Suppose -8*w - 2*r = -5*w - 1576, 4*w + s*r - 2104 = 0. Suppose 0 = -31*d + 28*d + w. What is the hundreds digit of d?
1
Let v(g) = -3*g - 11. Let y be v(11). Let n = -44 - y. Suppose n = 4*x + 5*a + 11 - 165, 2*x + a - 80 = 0. What is the tens digit of x?
4
Suppose -3*r + 3696 = -417. Let d be (-2)/(-4) + r/2. Suppose 5*h + 2*z = d, -8*h + 689 = -3*h + 3*z. What is the hundreds digit of h?
1
Suppose -9*g + 6*g + 2*h + 15266 = 0, 2 = h. Suppose -70*x = -80*x + g. What is the units digit of x?
9
Suppose -202*g = -187*g. Suppose -37*v + 35*v + 2310 = g. What is the hundreds digit of v?
1
Suppose -5*o + 5*f + 1420 = 0, 2*f = -2*o - 2*f + 592. What is the units digit of o?
8
Suppose 49 - 7 = 7*y. Suppose y*o = -2*o + 6*o. Suppose -3*s + 554 - 167 = o. What is the hundreds digit of s?
1
Suppose 93*v = 47*v + 37*v + 133677. What is the hundreds digit of v?
8
Suppose 0 = -125*m + 118*m. What is the units digit of (m - (-2 - -3))/((-3)/6)?
2
Suppose 22*m - 2*s - 634 = 21*m, 5*m = s + 3134. What is the hundreds digit of m?
6
Suppose -77*c = -4*o - 81*c + 30984, 2*o = -5*c + 15489. What is the units digit of o?
7
Let s = 3498 - -460. What is the units digit of s?
8
Let o = 2 + -2. Suppose -3 = -h + 3*y + 2, 4*h + 2*y - 48 = o. Suppose -h*n + 81 = -8*n. What is the tens digit of n?
2
Let p = 45 + -42. Suppose -4*f + 1 - 2 = -l, -p*f = -l. What is the units digit of 4 - 5 - (-101 + f)?
1
Suppose -58*m + 6 = -57*m. Suppose -55 = m*s - 1393. What is the units digit of s?
3
Suppose n = x - 1, -n = 2*x - 4*n. Suppose 3*v = -x + 51. Suppose -4*u + 308 = v. What is the units digit of u?
3
Suppose 0 = -0*c - 7*c - 21. Let d(o) = -2*o. Let j be d(c). Suppose -5*i - 2*b + 255 = -j*b, -115 = -2*i - b. What is the tens digit of i?
5
Let f(d) = d**3 + 72*d**2 + 292*d - 8. What is the hundreds digit of f(-61)?
1
Suppose -4*k - 49 = 31. What is the tens digit of (5*-6)/(-5) - k?
2
Let s = 99 - 51. Let n = s - 86. Let p = 1 - n. What is the tens digit of p?
3
Let t(z) = 4700*z + 5859. What is the hundreds digit of t(5)?
3
Let d(l) = -63*l + l + 101*l + 174*l - 39. What is the tens digit of d(5)?
2
Let s(r) be the second derivative of 4*